*3 + 3*o**2 + 1. Calculate z(w).
-15
Let l(t) = t**3 - t - 3. Let s be 2/(-6)*-3*0. Let u = s + 0. What is l(u)?
-3
Suppose -5*o + 5*a = 45, 0 = -o + 4*o + a + 19. Let w be 8/28 + 2/o. Let m(v) be the second derivative of -v**4/12 + v**3/6 - v**2/2 - 8*v. Calculate m(w).
-1
Let q(n) = -n**3 + n**2 + 2*n - 4. Let h(u) = 2*u**3 - 3*u**2 - 5*u + 7. Let w(x) = -4*h(x) - 7*q(x). Suppose l = 3*l - 12. Give w(l).
0
Let p(c) be the first derivative of 3 + 1/2*c**2 - c. Suppose 0 = 3*h - 4*f - 15, h + 7 = -h - 3*f. Give p(h).
0
Let c(z) = -3 - 2*z - 5 + 2 + 1. Let t be 8/28 + 178/14. Let g = -18 + t. Determine c(g).
5
Let q(u) = u**3 - 4*u**2 - 4*u - 3. Let o = 3 + -13. Let w = o - -15. What is q(w)?
2
Let t(a) be the third derivative of 1/60*a**5 - 5/6*a**3 + a**2 + 0*a + 0*a**4 + 1/120*a**6 + 0. Let r = 12 - 12. What is t(r)?
-5
Suppose 0 = 5*h - 2*h - 2*c - 9, -2*h = -5*c - 17. Let n(w) = 4*w. What is n(h)?
4
Let n(t) be the second derivative of -t**4/12 + 2*t**3/3 - 3*t**2/2 + 24*t. Determine n(5).
-8
Let n(p) be the first derivative of -p**4/4 + 4*p**3/3 + p**2 - p - 1. Suppose 0 = -4*i + 3*a + 22, 4*i + 4*a - 9 + 1 = 0. What is n(i)?
7
Suppose -w + 0*w + 5 = 0. Let m = w - 1. Let l(n) = 2 - m*n**2 + n**3 + 1 + 0*n - n. Determine l(4).
-1
Suppose 4*m = 5 - 1. Suppose -2*j + m = -9. Let o(s) = -s - 2. Determine o(j).
-7
Let s be 0 + 0 - (-16)/(-4). Let v(n) be the first derivative of -5/2*n**2 - 4*n - 1 - 1/3*n**3. Calculate v(s).
0
Let m(z) = z. Let t(j) = -2*j - 4. Let s be t(0). Determine m(s).
-4
Let m(b) = 10*b - 8. Let i(y) = -y + 1. Let s(k) = 8*i(k) + m(k). Give s(-2).
-4
Let p(f) = f + 3. Let b(q) = -q**3 - 5*q**2 + q + 1. Let z be b(-5). What is p(z)?
-1
Let a(s) be the first derivative of -s**4/8 - 2*s**2 - 1. Let j(d) be the second derivative of a(d). Determine j(3).
-9
Let h = 528 + -524. Let d(l) be the second derivative of -l**4/12 + l**3 - l**2 - l. Determine d(h).
6
Let p(l) be the third derivative of 0*l + 0*l**3 - 4*l**2 + 0 - 1/12*l**4. Calculate p(-3).
6
Let n(s) = -s**2 - 10*s + 8. Let b be n(-11). Let w(u) be the second derivative of u**3/6 - 2*u**2 + u. Calculate w(b).
-7
Let i be ((-1)/(-1))/(3/45). Suppose 0*n + i = -3*n. Let b(x) = -x - 5. What is b(n)?
0
Let a(n) be the second derivative of -n**3/6 + 7*n**2/2 - 13*n. What is a(6)?
1
Suppose -c = -4*c + 30. Suppose -2*v - 3*v = c. Let x(m) = 3*m**2 + m - 2. Calculate x(v).
8
Let u(b) = -3*b + 5. Suppose -4*r - 13 = -j, 3*j = -j - 3*r + 14. Determine u(j).
-10
Let v(q) be the first derivative of 5*q**2/2 - 3*q + 5. Let j(g) = g - 1. Let x(u) = 4*j(u) - v(u). Let b be 0 - 3/(-2)*-2. Give x(b).
2
Suppose -17 + 2 = -3*g. Suppose 0 = a + g. Let r(u) = 0*u**2 + 8 - 3 - u**2 - 2*u - u. What is r(a)?
-5
Let y(i) = 1 - 9*i + i + 6*i - 5*i**3 + 4*i. Calculate y(-1).
4
Let t(s) = s**2 - 1. Let p(k) = 0 - 6 - 1 + 3. Let j(h) = p(h) + t(h). Suppose 5*a - 2 = -2*o, -o - 2 = -3*o. Give j(a).
-5
Let f(s) = 9 - 4 - s + 2*s. Let a = 0 - -3. Suppose -5*c - a - 17 = 0. What is f(c)?
1
Let d(k) = 3*k - 4. Let x(g) = 8*g - 11. Let t(w) = -11*d(w) + 4*x(w). Suppose 2*f + 3 = -f. Let l = 0 + f. Calculate t(l).
1
Let r(a) = -a**3 + a**2 - a - 2. Suppose 8 = -8*t + 4*t. What is r(t)?
12
Let f(b) = -b - 2. Suppose -2 = -3*z - 14. Determine f(z).
2
Let k(n) = -n**3 - 4*n**2 - 2*n - 3. Suppose 5*u - 30 = -0*u. Let a(q) = -q + 3. Let h be a(u). Give k(h).
-6
Suppose 5*i + 10 + 1 = -4*m, -5*m = -5. Let g be -2*(3/(-6) - 0). Let r(x) = 4 - g + 0 + 2*x. Determine r(i).
-3
Let t(n) be the second derivative of -n**4/12 - 4*n**3/3 - 2*n**2 - 2*n. Give t(-5).
11
Let h(p) = p**2 + 5*p + 5. Let b(z) = z**2 + 6*z + 6. Let j(s) = -5*b(s) + 6*h(s). Determine j(-2).
4
Let j(f) = 3*f**2 + 2*f + 4. Let g(q) = 5*q**2 + 5*q + 9. Let n(o) = -4*g(o) + 7*j(o). Determine n(7).
-1
Let l(p) = 3*p**3 + 4*p**2. Let v(j) = 2*j**3 + 2*j**2. Let t(q) = -3*l(q) + 5*v(q). Let x(f) = 6*f. Let g be x(1). Let m be (3/g)/(1/4). Determine t(m).
0
Let f(i) = 5*i**2 - i + i**3 + 4 - i - 2*i**2. Suppose -2*x + 7*x + 3*u - 48 = 0, -5*u - 20 = 0. Let o = 8 - x. Give f(o).
-4
Let g(l) = -l**3 + l - 2. Suppose 4*x + x + 55 = 0. Let s = 5 + x. Let p = -4 - s. Determine g(p).
-8
Let g(l) be the first derivative of l**3/3 + 4*l - 17. Give g(3).
13
Let z(t) be the second derivative of -t**4/12 - 2*t**3/3 + t**2 + 5*t. Let n = -13 - -8. What is z(n)?
-3
Let o(m) = -m + 1. Let w(a) = a. Suppose -15 + 5 = -2*j. Suppose 0*x + 15 = -j*x. Let i be w(x). What is o(i)?
4
Let s(f) = -9 + 5 + 0*f + f. Let j be (-20)/(-25)*15/(-2). Let k = 9 + j. What is s(k)?
-1
Let q(r) = -r - 3. Let h be q(-5). Suppose -h*m + 5*m = 0. Let c(o) = -3*o**3 + o**2 + 4 + 2*o**3 - o + 1. What is c(m)?
5
Suppose 28*k = 29*k + 5. Let u(i) = 3*i**2 - 8*i + 7. Let v(n) = -n**2 + 4*n - 3. Let s(j) = 2*u(j) + 5*v(j). What is s(k)?
4
Let x(z) = z**3 + 4*z**2 + 2*z + 1. Let w be x(-3). Let c(r) = w*r**2 - 2*r - 2*r**2 - 3*r**2. Suppose -s + 0*s = -4*i + 10, 0 = -3*s + i - 8. Determine c(s).
0
Let l(s) = -s**2 - 5*s + 6. Suppose -2*y + 4 = -n - y, 0 = 4*n + 4*y - 24. Suppose -4*k + 3*b - 8 = 0, 4*b - n = 3*k - 2. What is l(k)?
6
Suppose 4*k = 2*k + 6. Let q(c) = c**3 - c**3 - 7*c**3 - c**k - c**2. Determine q(-1).
7
Suppose -4*l - v - 2 = 9, -2*l - 4*v = 16. Let i be 3/2*l/(-3). Let q(z) = 4 - z**2 - i - 4*z + z. Determine q(2).
-7
Let j(k) = 2*k - 10. Let g be j(7). Let z(v) be the first derivative of -v**2/2 - v - 5. Calculate z(g).
-5
Suppose -3*r = -2*y - 8, r + 5*y = -3*r - 20. Suppose 0 = -4*c - 3*v - 11, 0*c - 5*v = 5*c + 10. Let k = c - r. Let w(g) = -g + 2. What is w(k)?
7
Let r be 37/7 + 4/(-14). Let j(b) = -b + 4*b**2 + 6*b - 1 - 1 - 5*b**2. Determine j(r).
-2
Let i(q) be the third derivative of -10*q**2 + 1/60*q**5 + 0*q + 0 - 1/6*q**4 + 2/3*q**3. Calculate i(5).
9
Let w(p) = p + 11 - 13 - 10*p + p. Give w(-3).
22
Let r be (56/70)/((-2)/(-5)). Let g(a) be the third derivative of 0*a**3 + 1/120*a**6 - 5/24*a**4 + 0*a + 0 + 1/20*a**5 + 2*a**r. Determine g(-4).
4
Let t(o) = -1. Let p(s) be the third derivative of -s**6/120 - s**5/12 - s**4/6 + s**3/3 - 4*s**2. Let y(f) = p(f) - t(f). Calculate y(-4).
3
Let n(p) = -p**3 + p + 3. Let k be n(0). Let x(c) be the first derivative of -2*c + 1/4*c**4 - 2/3*c**k - 1/2*c**2 - 2. What is x(3)?
4
Let p(i) = 2*i**2 - i. Suppose f = 3*f + 8. Let d be (f/6)/((-2)/3). Let q(h) = h**2 + 1. Let a be q(d). What is p(a)?
6
Let u(y) = -2*y**2 - y + 1. Suppose 0 = -h + 2*h. Let l = 1 + h. What is u(l)?
-2
Let u(c) = c**2 + 11*c + 11. Let p be u(-10). Let q = 2 - p. Let t(v) = -2*v**3 - 12*v**2 - 12. Let f(l) = -l**2 - 1. Let m(d) = -12*f(d) + t(d). Give m(q).
-2
Let g(y) be the third derivative of y**6/120 + 7*y**5/60 - y**4/12 - 4*y**3/3 + 8*y**2. What is g(-7)?
6
Let l = -6 + 7. Let p(o) = o**2 + o**3 + 3 + 2 + l + o. What is p(0)?
6
Let b(f) be the first derivative of f**3/3 + f**2/2 + 2*f + 5. What is b(-2)?
4
Let o(z) be the third derivative of -1/60*z**5 + 0 - z**2 + 0*z + 1/6*z**3 + 1/12*z**4. Suppose -n - 1 = 0, 0 = -3*l - n - 2*n + 9. What is o(l)?
-7
Let g(s) be the first derivative of 5*s**3/3 - s**2/2 - 5. What is g(-1)?
6
Let h(d) be the second derivative of -d**4/12 + d**3/6 - d**2/2 - 2*d. Suppose -x = -3 - 2. Suppose -2*c - x*v + 1 = 0, 2*c = -v + 4 + 1. Determine h(c).
-7
Let s(b) = -2*b + 3. Let j be 40/(-25)*(-5)/2. Calculate s(j).
-5
Let g(l) = l**3 + 5*l**2. Suppose 3*n = -y - 16, n - 6*n - 23 = -2*y. Let j be g(n). Let w(o) = o + 2. Determine w(j).
2
Let q(l) = 3*l**3 - l**2 + 2*l - 1. Let i = -4 - -4. Suppose i*m + m + s - 3 = 0, -2*m + 9 = 5*s. Suppose -h - 2 = h - o, -m*o + 3 = -5*h. Determine q(h).
3
Suppose -2*d = -k - 4*k + 38, 0 = -3*k + 4*d + 34. Let i(h) = h**2 - 6*h - 8. Calculate i(k).
-8
Let r(p) = p**2 - 5*p - 8. Suppose 2*o - 5*c - 4 = -0, -2*o + 16 = c. What is r(o)?
6
Let z(o) = o**2 - 8. Suppose 5*h - p = -1, -4 = -3*h - 3*p - 1. Calculate z(h).
-8
Let m(u) = 4*u**2 + 7*u - 5*u**2 + 0*u**2. Let t be m(7). Let o(j) = -j + 4. Let l(y) = 5*y - 15. Let d(p) = -2*l(p) - 9*o(p). Calculate d(t).
-6
Let x(j) = -5*j**3 - 3*j**2 + 7*j + 8. Let n(a) = a**3 - a - 1. Let z(s) = -6*n(s) - x(s). Let r = -79 - -52. Let h be (4/(-6))/(6/r). Determine z(h).
-5
Let y(u) = -9 - 9 - u + 18. Let w = 7 + -5. Suppose d + 1 - 7 